{"id":2,"date":"2019-03-11T17:38:01","date_gmt":"2019-03-11T17:38:01","guid":{"rendered":"http:\/\/ecutune.fi\/?page_id=2"},"modified":"2025-11-11T11:22:27","modified_gmt":"2025-11-11T11:22:27","slug":"about","status":"publish","type":"page","link":"https:\/\/ecutune.fi\/","title":{"rendered":"Etusivu"},"content":{"rendered":"<h2 style=\"padding-left: 40px;\">Tervetuloa ecutune.fi verkkosivuille.<\/h2>\n<h3 style=\"padding-left: 40px;\">Tarjoamme asiantuntevaa BMW ohjainlaitekorjausta ja my\u00f6s muihin merkkeihin laadukkaita optimointeja eritt\u00e4in kilpailukykyiseen hintaan, luonnollisesti laadusta tinkim\u00e4tt\u00e4 ja yli 10 vuoden kokemuksella. Kaikki teho-ohjelmat ovat dynamometrill\u00e4 kehitettyj\u00e4 ja mallikohtaisesti kalibroituja.<\/h3>\n<blockquote>\n<p style=\"text-align: center;\"><strong>\u00a0<\/strong><\/p>\n<\/blockquote>\n<h4 style=\"text-align: center;\"><img loading=\"lazy\" decoding=\"async\" class=\"alignnone size-full wp-image-379\" src=\"http:\/\/ecutune.fi\/wp-content\/uploads\/2019\/07\/checkbox-blue-2.png\" alt=\"\" width=\"15\" height=\"15\" \/> <strong>Nyt my\u00f6s vm. 2011-2019 F- ja G-sarjojen Bemarit suoraan OBD-portin kautta, lue lis\u00e4\u00e4 <\/strong><a href=\"http:\/\/ecutune.fi\/?page_id=332\"><strong>t\u00e4\u00e4lt\u00e4<\/strong><\/a><\/h4>\n\n<div class=\"wp-block-image\">\n<figure class=\"aligncenter\"><img loading=\"lazy\" decoding=\"async\" width=\"799\" height=\"247\" src=\"http:\/\/ecutune.fi\/wp-content\/uploads\/2019\/03\/new-dyno-in-calgary_orig-1.jpg\" alt=\"\" class=\"wp-image-265\" srcset=\"https:\/\/ecutune.fi\/wp-content\/uploads\/2019\/03\/new-dyno-in-calgary_orig-1.jpg 799w, https:\/\/ecutune.fi\/wp-content\/uploads\/2019\/03\/new-dyno-in-calgary_orig-1-300x93.jpg 300w, https:\/\/ecutune.fi\/wp-content\/uploads\/2019\/03\/new-dyno-in-calgary_orig-1-768x237.jpg 768w\" sizes=\"auto, (max-width: 799px) 100vw, 799px\" \/><\/figure>\n<\/div>\n\n\n<p class=\"has-normal-font-size\"><\/p>\n\n\n\n<p><br><\/p>\n\n\n\n<p><\/p>\n","protected":false},"excerpt":{"rendered":"<p>Tervetuloa ecutune.fi verkkosivuille. Tarjoamme asiantuntevaa BMW ohjainlaitekorjausta ja my\u00f6s muihin merkkeihin laadukkaita optimointeja eritt\u00e4in kilpailukykyiseen hintaan, luonnollisesti laadusta tinkim\u00e4tt\u00e4 ja yli 10 vuoden kokemuksella. Kaikki teho-ohjelmat ovat dynamometrill\u00e4 kehitettyj\u00e4 ja mallikohtaisesti kalibroituja. \u00a0 Nyt my\u00f6s vm. 2011-2019 F- ja G-sarjojen Bemarit suoraan OBD-portin kautta, lue lis\u00e4\u00e4 t\u00e4\u00e4lt\u00e4<\/p>\n","protected":false},"author":1,"featured_media":0,"parent":0,"menu_order":0,"comment_status":"closed","ping_status":"closed","template":"","meta":{"footnotes":""},"class_list":["post-2","page","type-page","status-publish"],"_links":{"self":[{"href":"https:\/\/ecutune.fi\/index.php?rest_route=\/wp\/v2\/pages\/2","targetHints":{"allow":["GET"]}}],"collection":[{"href":"https:\/\/ecutune.fi\/index.php?rest_route=\/wp\/v2\/pages"}],"about":[{"href":"https:\/\/ecutune.fi\/index.php?rest_route=\/wp\/v2\/types\/page"}],"author":[{"embeddable":true,"href":"https:\/\/ecutune.fi\/index.php?rest_route=\/wp\/v2\/users\/1"}],"replies":[{"embeddable":true,"href":"https:\/\/ecutune.fi\/index.php?rest_route=%2Fwp%2Fv2%2Fcomments&post=2"}],"version-history":[{"count":89,"href":"https:\/\/ecutune.fi\/index.php?rest_route=\/wp\/v2\/pages\/2\/revisions"}],"predecessor-version":[{"id":527,"href":"https:\/\/ecutune.fi\/index.php?rest_route=\/wp\/v2\/pages\/2\/revisions\/527"}],"wp:attachment":[{"href":"https:\/\/ecutune.fi\/index.php?rest_route=%2Fwp%2Fv2%2Fmedia&parent=2"}],"curies":[{"name":"wp","href":"https:\/\/api.w.org\/{rel}","templated":true}]}}