{"id":127,"date":"2019-03-19T18:16:16","date_gmt":"2019-03-19T18:16:16","guid":{"rendered":"http:\/\/ecutune.fi\/?page_id=127"},"modified":"2019-03-19T23:31:43","modified_gmt":"2019-03-19T23:31:43","slug":"asiakaskokemuksia","status":"publish","type":"page","link":"https:\/\/ecutune.fi\/?page_id=127","title":{"rendered":"Kokemuksia"},"content":{"rendered":"\n<div class=\"wp-block-image\"><figure class=\"aligncenter\"><img loading=\"lazy\" decoding=\"async\" width=\"400\" height=\"195\" src=\"http:\/\/ecutune.fi\/wp-content\/uploads\/2019\/03\/9522790-2.jpg\" alt=\"\" class=\"wp-image-277\" srcset=\"https:\/\/ecutune.fi\/wp-content\/uploads\/2019\/03\/9522790-2.jpg 400w, https:\/\/ecutune.fi\/wp-content\/uploads\/2019\/03\/9522790-2-300x146.jpg 300w\" sizes=\"auto, (max-width: 400px) 100vw, 400px\" \/><\/figure><\/div>\n\n\n\n<blockquote style=\"text-align:right\" class=\"wp-block-quote is-style-default is-layout-flow wp-block-quote-is-layout-flow\"><p>&#8221;Illalla\/y\u00f6ll\u00e4 tuli 600km hevostraileri per\u00e4ss\u00e4, mukavammin tuli per\u00e4ss\u00e4\u2026 Kulutus k\u00e4rry per\u00e4ss\u00e4 ajotietokoneen mukaa n.1,5l v\u00e4hemm\u00e4n ku aikasemmin.&#8221;<\/p><cite>&#8211; BMW e60 525d<br><\/cite><\/blockquote>\n\n\n\n<blockquote class=\"wp-block-quote is-layout-flow wp-block-quote-is-layout-flow\"><p>&#8221;Audi alko kulkemaan paremmin ja paremmin kun ajelin kotiinp\u00e4in.&#8221;<\/p><cite>&#8211; Audi A4 1.8 TFSI<\/cite><\/blockquote>\n\n\n\n<blockquote style=\"text-align:right\" class=\"wp-block-quote is-layout-flow wp-block-quote-is-layout-flow\"><p>&#8221;Kyll\u00e4p\u00e4 vastaa nyt hyvin kaasuun ja huomattavasti pirteempi, en olis vaparibensakoneessa uskonut!&#8221;<\/p><cite>&#8211; BMW e46 325i<\/cite><\/blockquote>\n\n\n\n<blockquote class=\"wp-block-quote is-layout-flow wp-block-quote-is-layout-flow\"><p>&#8221;On perkeleesti enemm\u00e4n voimaa, paras 200 euroo mink\u00e4 oon autoon sijottanu&#8221;<\/p><cite>&#8211; BMW e60 530d<\/cite><\/blockquote>\n\n\n\n<blockquote style=\"text-align:right\" class=\"wp-block-quote is-layout-flow wp-block-quote-is-layout-flow\"><p>&#8221;L\u00e4htee ihan eri tavalla ku ennen, iso kiitos!&#8221;<\/p><cite>&#8211; Mercedes-Benz E270CDI<\/cite><\/blockquote>\n\n\n\n<blockquote class=\"wp-block-quote is-layout-flow wp-block-quote-is-layout-flow\"><p>&#8221;Sutii sataseen asti ja vet\u00e4\u00e4 penkkiin ihan kunnolla, ihan eri euto nyt&#8221;<\/p><cite>&#8211; BMW e92 335i (N54)<\/cite><\/blockquote>\n\n\n\n<p><\/p>\n","protected":false},"excerpt":{"rendered":"<p>&#8221;Illalla\/y\u00f6ll\u00e4 tuli 600km hevostraileri per\u00e4ss\u00e4, mukavammin tuli per\u00e4ss\u00e4\u2026 Kulutus k\u00e4rry per\u00e4ss\u00e4 ajotietokoneen mukaa n.1,5l v\u00e4hemm\u00e4n ku aikasemmin.&#8221; &#8211; BMW e60 525d &#8221;Audi alko kulkemaan paremmin ja paremmin kun ajelin kotiinp\u00e4in.&#8221; &#8211; Audi A4 1.8 TFSI &#8221;Kyll\u00e4p\u00e4 vastaa nyt hyvin kaasuun ja huomattavasti pirteempi, en olis vaparibensakoneessa uskonut!&#8221; &#8211; BMW e46 325i &#8221;On perkeleesti enemm\u00e4n voimaa, &#8230; <a title=\"Kokemuksia\" class=\"read-more\" href=\"https:\/\/ecutune.fi\/?page_id=127\" aria-label=\"Lue lis\u00e4\u00e4 aiheesta Kokemuksia\">Lue lis\u00e4\u00e4<\/a><\/p>\n","protected":false},"author":1,"featured_media":0,"parent":0,"menu_order":5,"comment_status":"closed","ping_status":"closed","template":"","meta":{"footnotes":""},"class_list":["post-127","page","type-page","status-publish"],"_links":{"self":[{"href":"https:\/\/ecutune.fi\/index.php?rest_route=\/wp\/v2\/pages\/127","targetHints":{"allow":["GET"]}}],"collection":[{"href":"https:\/\/ecutune.fi\/index.php?rest_route=\/wp\/v2\/pages"}],"about":[{"href":"https:\/\/ecutune.fi\/index.php?rest_route=\/wp\/v2\/types\/page"}],"author":[{"embeddable":true,"href":"https:\/\/ecutune.fi\/index.php?rest_route=\/wp\/v2\/users\/1"}],"replies":[{"embeddable":true,"href":"https:\/\/ecutune.fi\/index.php?rest_route=%2Fwp%2Fv2%2Fcomments&post=127"}],"version-history":[{"count":13,"href":"https:\/\/ecutune.fi\/index.php?rest_route=\/wp\/v2\/pages\/127\/revisions"}],"predecessor-version":[{"id":278,"href":"https:\/\/ecutune.fi\/index.php?rest_route=\/wp\/v2\/pages\/127\/revisions\/278"}],"wp:attachment":[{"href":"https:\/\/ecutune.fi\/index.php?rest_route=%2Fwp%2Fv2%2Fmedia&parent=127"}],"curies":[{"name":"wp","href":"https:\/\/api.w.org\/{rel}","templated":true}]}}